7 is divided by 18?
3
What is the remainder when 266 is divided by 30?
26
What is the remainder when 4133 is divided by 13?
12
Calculate the remainder when 8565 is divided by 8.
5
Calculate the remainder when 337 is divided by 118.
101
What is the remainder when 2856 is divided by 20?
16
What is the remainder when 518 is divided by 44?
34
What is the remainder when 5275 is divided by 16?
11
Calculate the remainder when 1648 is divided by 150.
148
Calculate the remainder when 32 is divided by 19.
13
What is the remainder when 11072 is divided by 25?
22
What is the remainder when 657 is divided by 28?
13
What is the remainder when 1437 is divided by 24?
21
Calculate the remainder when 5776 is divided by 27.
25
Calculate the remainder when 103 is divided by 13.
12
What is the remainder when 180 is divided by 96?
84
What is the remainder when 655 is divided by 84?
67
What is the remainder when 2399 is divided by 96?
95
Calculate the remainder when 204 is divided by 23.
20
Calculate the remainder when 132 is divided by 68.
64
Calculate the remainder when 1136 is divided by 222.
26
Calculate the remainder when 32 is divided by 25.
7
Calculate the remainder when 219 is divided by 11.
10
Calculate the remainder when 818 is divided by 140.
118
Calculate the remainder when 563 is divided by 7.
3
Calculate the remainder when 839 is divided by 120.
119
What is the remainder when 7975 is divided by 23?
17
Calculate the remainder when 116 is divided by 9.
8
What is the remainder when 116 is divided by 46?
24
What is the remainder when 3994 is divided by 27?
25
Calculate the remainder when 534 is divided by 32.
22
Calculate the remainder when 294 is divided by 77.
63
Calculate the remainder when 879 is divided by 14.
11
What is the remainder when 315 is divided by 25?
15
What is the remainder when 1676 is divided by 73?
70
Calculate the remainder when 562 is divided by 63.
58
What is the remainder when 13522 is divided by 49?
47
Calculate the remainder when 219 is divided by 20.
19
What is the remainder when 307 is divided by 154?
153
What is the remainder when 123 is divided by 54?
15
Calculate the remainder when 151 is divided by 47.
10
What is the remainder when 150 is divided by 11?
7
Calculate the remainder when 1277 is divided by 214.
207
Calculate the remainder when 1569 is divided by 12.
9
What is the remainder when 1157 is divided by 79?
51
Calculate the remainder when 54 is divided by 52.
2
What is the remainder when 143 is divided by 39?
26
Calculate the remainder when 24959 is divided by 160.
159
Calculate the remainder when 228 is divided by 41.
23
Calculate the remainder when 597 is divided by 4.
1
Calculate the remainder when 61 is divided by 21.
19
Calculate the remainder when 287 is divided by 21.
14
What is the remainder when 38 is divided by 21?
17
Calculate the remainder when 2019 is divided by 20.
19
What is the remainder when 169 is divided by 43?
40
What is the remainder when 1037 is divided by 4?
1
What is the remainder when 1013 is divided by 52?
25
Calculate the remainder when 4041 is divided by 150.
141
What is the remainder when 6283 is divided by 37?
30
Calculate the remainder when 960 is divided by 116.
32
What is the remainder when 1686 is divided by 280?
6
Calculate the remainder when 645 is divided by 214.
3
Calculate the remainder when 4299 is divided by 18.
15
Calculate the remainder when 45 is divided by 37.
8
Calculate the remainder when 195 is divided by 13.
0
What is the remainder when 406 is divided by 52?
42
What is the remainder when 47436 is divided by 41?
40
What is the remainder when 396 is divided by 98?
4
Calculate the remainder when 2252 is divided by 284.
264
Calculate the remainder when 1589 is divided by 174.
23
Calculate the remainder when 626 is divided by 128.
114
Calculate the remainder when 189 is divided by 15.
9
What is the remainder when 135 is divided by 75?
60
Calculate the remainder when 312 is divided by 64.
56
What is the remainder when 49 is divided by 21?
7
Calculate the remainder when 80 is divided by 56.
24
What is the remainder when 3028 is divided by 137?
14
Calculate the remainder when 266 is divided by 15.
11
What is the remainder when 65 is divided by 33?
32
What is the remainder when 63 is divided by 21?
0
What is the remainder when 69 is divided by 4?
1
Calculate the remainder when 527 is divided by 10.
7
Calculate the remainder when 3493 is divided by 435.
13
What is the remainder when 810 is divided by 93?
66
What is the remainder when 61 is divided by 31?
30
Calculate the remainder when 179 is divided by 17.
9
What is the remainder when 1389 is divided by 233?
224
What is the remainder when 10707 is divided by 102?
99
Calculate the remainder when 90 is divided by 87.
3
Calculate the remainder when 201 is divided by 46.
17
What is the remainder when 545 is divided by 157?
74
What is the remainder when 43 is divided by 6?
1
What is the remainder when 235 is divided by 15?
10
Calculate the remainder when 963 is divided by 81.
72
What is the remainder when 383 is divided by 11?
9
Calculate the remainder when 222 is divided by 25.
22
Calculate the remainder when 29663 is divided by 17.
15
Calculate the remainder when 13129 is divided by 13.
12
What is the remainder when 11829 is divided by 44?
37
What is the remainder when 243 is divided by 14?
5
Calculate the remainder when 15 is divided by 1.
0
What is the remainder when 243 is divided by 42?
33
What is the remainder when 1321 is divided by 190?
181
Calculate the remainder when 131 is divided by 33.
32
What is the remainder when 6393 is divided by 337?
327
Calculate the remainder when 87 is divided by 45.
42
What is the remainder when 423 is divided by 26?
7
What is the remainder when 44435 is divided by 17?
14
Calculate the remainder when 106 is divided by 86.
20
What is the remainder when 118 is divided by 87?
31
Calculate the remainder when 279 is divided by 45.
9
Calculate the remainder when 601 is divided by 61.
52
What is the remainder when 140 is divided by 48?
44
Calculate the remainder when 249 is divided by 21.
18
Calculate the remainder when 3569 is divided by 210.
209
What is the remainder when 1766 is divided by 109?
22
What is the remainder when 349 is divided by 16?
13
Calculate the remainder when 107 is divided by 59.
48
Calculate the remainder when 9592 is divided by 13.
11
Calculate the remainder when 656 is divided by 219.
218
What is the remainder when 1547 is divided by 386?
3
Calculate the remainder when 87 is divided by 6.
3
Calculate the remainder when 599 is divided by 24.
23
What is the remainder when 22 is divided by 17?
5
Calculate the remainder when 396 is divided by 319.
77
Calculate the remainder when 97 is divided by 7.
6
What is the remainder when 1901 is divided by 173?
171
Calculate the remainder when 202 is divided by 2.
0
What is the remainder when 482 is divided by 44?
42
What is the remainder when 396 is divided by 40?
36
Calculate the remainder when 444 is divided by 56.
52
What is the remainder when 316 is divided by 17?
10
Calculate the remainder when 10716 is divided by 85.
6
Calculate the remainder when 656 is divided by 215.
11
What is the remainder when 70 is divided by 10?
0
Calculate the remainder when 225 is divided by 29.
22
What is the remainder when 1259 is divided by 115?
109
Calculate the remainder when 171 is divided by 4.
3
Calculate the remainder when 1168 is divided by 236.
224
Calculate the remainder when 1296 is divided by 50.
46
What is the remainder when 304 is divided by 58?
14
Calculate the remainder when 186 is divided by 17.
16
Calculate the remainder when 46 is divided by 28.
18
What is the remainder when 557 is divided by 10?
7
Calculate the remainder when 1012 is divided by 13.
11
What is the remainder when 764 is divided by 32?
28
Calculate the remainder when 8731 is divided by 24.
19
What is the remainder when 542 is divided by 94?
72
What is the remainder when 448 is divided by 10?
8
What is the remainder when 1565 is divided by 521?
2
What is the remainder when 1586 is divided by 80?
66
Calculate the remainder when 5051 is divided by 40.
11
Calculate the remainder when 1174 is divided by 25.
24
What is the remainder when 7975 is divided by 79?
75
Calculate t